40?
-14230
In base 9, what is 2072818 - -4?
2072823
In base 2, what is 1000000 + 10111?
1010111
In base 9, what is -7 - 2587?
-2605
In base 12, what is 22410 + 0?
22410
In base 13, what is 1 + 1b6a?
1b6b
In base 9, what is -3554 - -2305?
-1248
In base 9, what is -345 - 2287?
-2643
In base 6, what is -545 - 14140?
-15125
In base 11, what is -396 + 2a5?
-a1
In base 7, what is 0 + 22525?
22525
In base 15, what is -19b36 - c?
-19b43
In base 2, what is -10 + -111010010010000111?
-111010010010001001
In base 7, what is -101652 + -146?
-102131
In base 8, what is 252034 - -4?
252040
In base 10, what is 33 + -80700?
-80667
In base 12, what is -5 - 37b5?
-37ba
In base 12, what is 2579 + 1?
257a
In base 10, what is 1835 + -3?
1832
In base 7, what is -61 + -4141?
-4232
In base 14, what is 66d7c0 - 0?
66d7c0
In base 15, what is -68 + 137?
be
In base 10, what is 12115 - 4?
12111
In base 5, what is 12 + -42110434?
-42110422
In base 4, what is -3 + 102311233?
102311230
In base 16, what is -6 + 248e?
2488
In base 13, what is c + 1048a?
10499
In base 4, what is -103032 - -1031?
-102001
In base 16, what is 16a + -3?
167
In base 15, what is -51ca - 0?
-51ca
In base 3, what is 20 + -20222012?
-20221222
In base 10, what is 125 + 246?
371
In base 15, what is 35 + -1a0?
-16a
In base 5, what is 100 - -24011?
24111
In base 10, what is -2144 + -87?
-2231
In base 15, what is -2 + 29e8?
29e6
In base 16, what is -24 + -4cc0?
-4ce4
In base 2, what is -100001100 - 1101100?
-101111000
In base 12, what is -b + 1014?
1005
In base 3, what is -112121220 + 211?
-112121002
In base 12, what is -a589 - 69?
-a636
In base 2, what is 110101101111110 - 10?
110101101111100
In base 3, what is -120120 + 120?
-120000
In base 16, what is bb + 49a?
555
In base 15, what is -13 - -39?
26
In base 2, what is -110000 + -11111101?
-100101101
In base 13, what is 3 - 1c9212?
-1c920c
In base 12, what is -17 + -6b5a?
-6b75
In base 16, what is -1 - -837b3?
837b2
In base 11, what is 40a3 - -6?
40a9
In base 16, what is 5 - -13385?
1338a
In base 13, what is -16 + 3b7c?
3b66
In base 11, what is 85 + -430?
-356
In base 9, what is 2621 - -611?
3332
In base 6, what is -412023 + -11?
-412034
In base 5, what is 2 + -202443?
-202441
In base 13, what is 8865 + 1?
8866
In base 6, what is -42205 - -1?
-42204
In base 6, what is -11154225 + -4?
-11154233
In base 8, what is -214 - -2?
-212
In base 12, what is -1 + 11621?
11620
In base 11, what is 162 - 19a?
-38
In base 2, what is 10000001001101 - -1011100110?
10001100110011
In base 4, what is 1 + 122003310?
122003311
In base 2, what is -10101111 - -1001101010?
110111011
In base 6, what is 3 - -452022?
452025
In base 3, what is 21012211210112 + -1?
21012211210111
In base 7, what is -3535 + 1602?
-1633
In base 8, what is -7633 + 56?
-7555
In base 10, what is 16203 + -9?
16194
In base 9, what is 1 - -75602?
75603
In base 10, what is -65 - -19654?
19589
In base 15, what is -c63dc + 2?
-c63da
In base 13, what is 19b9 + 1?
19ba
In base 9, what is -38 - 2161?
-2210
In base 16, what is 2 - -1bf0?
1bf2
In base 3, what is -12200001 - -101?
-12122200
In base 3, what is 10 + 1210100020?
1210100100
In base 3, what is 1 - -100120021?
100120022
In base 15, what is 4a2 + d?
4b0
In base 5, what is -23 + -1230033?
-1230111
In base 5, what is 12412 - 212?
12200
In base 11, what is 5 + -6594a?
-65945
In base 7, what is 203 + 16056?
16262
In base 7, what is 5 - -361636?
361644
In base 4, what is 31100 + 313?
32013
In base 11, what is 10a212 + -1?
10a211
In base 12, what is 4 - 199506?
-199502
In base 6, what is 4402034 - -1?
4402035
In base 8, what is -261 - -335?
54
In base 15, what is 1 + 170e2?
170e3
In base 16, what is -c9e68 - 3?
-c9e6b
In base 13, what is -2 + 113a2b?
113a29
In base 10, what is 11 + -19237?
-19226
In base 14, what is 3 - 267c?
-2679
In base 10, what is -2 - -204741?
204739
In base 6, what is 11 - 235102?
-235051
In base 13, what is 2067 + -1?
2066
In base 9, what is -15418 - -2?
-15416
In base 13, what is -2 + -420b?
-4210
In base 9, what is 3305356 + -4?
3305352
In base 8, what is -37 - 5422?
-5461
In base 7, what is 260 + 165?
455
In base 4, what is -1020021332 + 2?
-1020021330
In base 10, what is -3228 - -13?
-3215
In base 16, what is 2 - 17ddb?
-17dd9
In base 14, what is a35 - -1b?
a52
In base 3, what is 2022100001 - 12?
2022022212
In base 10, what is 137561 - 5?
137556
In base 7, what is -3 + 3513662?
3513656
In base 16, what is -1e73 - -10?
-1e63
In base 10, what is 5 + -192725?
-192720
In base 11, what is 3440207 - -2?
3440209
In base 16, what is 245 - 98?
1ad
In base 6, what is 553254 + 4?
553302
In base 14, what is -2 + 2b30?
2b2c
In base 16, what is 11100 + 3?
11103
In base 13, what is 2c9b04 + -5?
2c9acc
In base 14, what is d1 - -12c?
21d
In base 11, what is 3020 + -8?
3013
In base 6, what is -4 - 32301?
-32305
In base 13, what is -354 - 216?
-56a
In base 15, what is 18b0 - 4?
18ab
In base 12, what is -8b98 - -65?
-8b33
In base 15, what is 194 - -14?
1a8
In base 4, what is 1003 + -313033?
-312030
In base 6, what is -23303013 - -5?
-23303004
In base 7, what is 413 - 5561?
-5145
In base 4, what is -313101 + -31222?
-1010323
In base 6, what is 342 - 3510?
-3124
In base 9, what is 7 - -764?
772
In base 9, what is 105 + 16682?
16787
In base 3, what is 202120200 + 1022?
202121222
In base 5, what is 1424 - 112014?
-110040
In base 7, what is -13250 + -152?
-13432
In base 12, what is 2549 - -10?
2559
In base 9, what is 5 + 2084?
2100
In base 14, what is 136938 + 5?
13693d
In base 6, what is -3 + 432444?
432441
In base 8, what is 3 - -122010?
122013
In base 2, what is 100101111111111 + -100?
100101111111011
In base 2, what is 111001101011010 - 101?
111001101010101
In base 16, what is -3 + 434?
431
In base 11, what is -4 - 3642?
-3646
In base 12, what is 1b0257 + 0?
1b0257
In base 6, what is 244201154 - 5?
244201145
In base 8, what is -1 - -12760?
12757
In base 12, what is -3 - 46b7?
-46ba
In base 15, what is -1 + 622?
621
In base 4, what is 11 + -1101020301?
-1101020230
In base 10, what is 2 - -889075?
889077
In base 12, what is -208 - aa?
-2b6
In base 13, what is a9 - -1683?
175c
In base 14, what is -10329 - -6?
-10323
In base 15, what is 3 + -26e0?
-26dc
In base 16, what is 1b + -26c8?
-26ad
In base 6, what is -1 - -35534?
35533
In base 16, what is -23a71 + 5?
-23a6c
In base 15, what is -1c73 + c?
-1c66
In base 2, what is -11101 - 1100111110100?
-1101000010001
In base 16, what is -1 + 1544?
1543
In base 5, what is 4 + -24130214?
-24130210
In base 8, what is -10 - 507262?
-507272
In base 13, what is -4 + 156a?
1566
In base 5, what is -23 - -4424414?
4424341
In base 15, what is 4d - -10?
5d
In base 10, what is 2 - -985429?
985431
In base 14, what is 23a00d + 5?
23a014
In base 14, what is 91a9 - 0?
91a9
In base 9, what is 236445 - -2?
236447
In base 14, what is 2 + 445b?
445d
In base 6, what is 113412 + -34?
113334
In base 8, what is -306 - 777?
-1305
In base 13, what is 1288 + -199?
10bc
In base 4, what is 122111 - 1130?
120321
In base 16, what is 2 - 1968d?
-1968b
In base 6, what is 5425 + -125?
5300
In base 16, what is -14d35 - 2?
-14d37
In base 13, what is -89 + -5b?
-117
In base 12, what is -2b755 - -4?
-2b751
In base 13, what is -3c0 - 7?
-3c7
In base 16, what is a8 - -237?
2df
In base 13, what is -170b2 - -52?
-17060
In base 15, what is -3 + 1bde?
1bdb
In base 2, what is 100 + 1011100011111?
1011100100011
In base 7, what is 4 + -625060?
-625053
In base 5, what is 212324 - -102?
212431
In base 14, what is 4a095 + 1?
4a096
In base 9, what is -12 + -12723?
-12735
In base 12, what is 1284b + 1?
12850
In base 14, what is 820 + -29?
7d5
In base 6, what is 4 - -122011?
122015
In base 12, what is -111876 - 10?
-111886
In base 2, what is -100110011110110 + 10?
-100110011110100
In base 12, what is -1071a9 + -3?
-1071b0
In base 3, what is 12222011122002 - 11?
12222011121221
In base 16, what is -58af - b?
-58ba
In base 15, what is a7ee + 4?
a803
In base 2, what is 10 + -1011100110100?
-1011100110010
In base 14, what is -29 - -182?
157
In base 8, what is -34 - 16160?
-16214
In base 8, what is -33 - 2315?
-2350
In base 8, what is 46 - -4613?
4661
In base 7, what is -14 + -24145?
-24162
In base 6, what is -5230 - 3055?
-12325
In base 5, what is 11400133 - 1?
11400132
In b